15?
14
Let x(t) = -29 + 10*t - 3*t + 11*t. Suppose 4*j - 19 + 3 = 0, -5*q + 92 = -2*j. What is the remainder when x(6) is divided by q?
19
Suppose -25*l + 1375 = -0*l. Calculate the remainder when 437 is divided by l.
52
Suppose 375 = 4*o - 5*y, 5*y + 1 + 14 = 0. What is the remainder when o is divided by 244/8 + 5*(-4)/(-40)?
28
Let y(l) = -139*l + 809. Let n(x) = x + 39. Calculate the remainder when y(5) is divided by n(0).
36
Let y(r) = -4*r + 10. Let t be y(7). What is the remainder when 34 is divided by (4/2)/((-3)/t)?
10
Let a(d) = 2*d**3 + 2*d**2 + d - 1. What is the remainder when (25/(-3) - 1)*(-42)/4 is divided by a(2)?
23
Let k = 55 + -52. Suppose -20 = -k*y + 1. Calculate the remainder when 11 is divided by y.
4
Suppose 11 + 4 = 5*z. Suppose -4*y + 5 + z = 0. What is the remainder when 1 - -6 - 0/y is divided by 2?
1
Suppose -17 = -n + 5*g, -n + 41 = 2*n - 5*g. Let p(k) = k**2 - 13*k + 17. Let o(y) = -17*y. Calculate the remainder when o(-1) is divided by p(n).
2
Suppose 11*n - 10*n - 85 = 5*m, 0 = -5*n - 3*m + 481. Let u(v) = -3*v + 6. Calculate the remainder when n is divided by u(-2).
11
Calculate the remainder when 119 is divided by 3 + (49/9 - (-8)/(-18)).
7
Let z be 3/(-4) + (-156)/48. Suppose -23 - 67 = -5*g. Calculate the remainder when g is divided by (1*1/(-3))/(z/60).
3
Suppose -t - 7*z + 48 = -8*z, 190 = 4*t - 3*z. What is the remainder when 728 is divided by t?
38
Suppose -9*m + 771 = -6*m. Suppose 265 = 9*z - m. What is the remainder when z is divided by 15?
13
Calculate the remainder when (-2 - 144)*((-9)/2 - -4) is divided by 26.
21
Let j = -8 + 39. Calculate the remainder when (-2*(-25)/(-30))/(2/(-108)) is divided by j.
28
Let a(v) = -3*v**2 - 69*v + 11. What is the remainder when a(-21) is divided by 70?
67
Let v = 2 + 3. Suppose 4 = -v*l - 11. What is the remainder when 77 - (-3 - 9)/l is divided by 19?
16
Let j = 1133 + -658. What is the remainder when j is divided by 40?
35
Calculate the remainder when 8 + (7 - 0) + -5 is divided by 4.
2
Suppose -6*q = 3*x - 10*q - 34, -3*q = -5*x + 53. What is the remainder when 339 is divided by x?
9
Let z be (4 - 27/6)*-4. Suppose 3*u - 9 = -2*w - 2, z*w - 4 = 0. Calculate the remainder when 19 is divided by 6 + 0 + 1/u.
5
Let f = 80 + -35. Let k = 150 - 137. What is the remainder when f is divided by k?
6
Let c(j) = 3*j**2 + 2*j - 3. Let y be c(3). Let i = y - -1. Calculate the remainder when i is divided by 87/6 + 65/26 + 0.
14
Let u = 44 + 2. What is the remainder when u is divided by 21?
4
Let b(a) = -2*a**2 - 5*a - 20. Let w(f) = -3*f**2 - 8*f - 30. Let x(u) = -8*b(u) + 5*w(u). Let q = 7 - 7. What is the remainder when 39 is divided by x(q)?
9
Suppose 0 = 2*b - 8*b + 24. What is the remainder when b + (105 - -3)/2 is divided by 12?
10
Let b(h) = 398*h + 8. Let z(o) = o + 16. Let s be z(-11). Let m be b(s). Calculate the remainder when (m/(-4))/(-9)*2 is divided by 28.
27
Suppose -3 = a - 2*a. Suppose 5*p - 13 = d + a, 47 = 3*d + 4*p. Let w(g) = -g**3 + 10*g**2 - 4*g + 9. Calculate the remainder when w(d) is divided by 19.
16
Let v = -980 - -1031. Calculate the remainder when 89 is divided by v.
38
Let z(a) be the third derivative of a**4/12 - a**3/6 + a**2. Let w be z(6). What is the remainder when 38 is divided by (w + -2 + 4)/1?
12
Suppose -3*m - 2*d = 117 - 510, -3*m - 5*d + 402 = 0. What is the remainder when m is divided by 10?
9
Suppose -5*u - 166 = -d, -d - 4*d = -5. Let x = u - -74. What is the remainder when x is divided by 14?
13
Let z(j) = 5*j - 21. Let v be (-24)/32 + ((-69)/4)/(-3). What is the remainder when 15 is divided by z(v)?
3
Suppose 0 = -3*v - 4*i - 3, -5*v - i = -4*i + 5. Let n be (v - (-7 - -3)) + -35. Let c = -16 - n. Calculate the remainder when 60 is divided by c.
12
Let w(j) = 10*j**2 + 56*j - 11. Calculate the remainder when 57 is divided by w(-6).
5
Let z = -337 + 358. What is the remainder when z is divided by 7?
0
Let i = 7 + -5. Suppose 4*n = -o - 66 + 163, 3*n - 94 = -5*o. Suppose 0*c - c = -3*p - 43, c + i*p = n. What is the remainder when c is divided by 17?
14
Let f(m) = -11*m + 3. Let x be f(-4). Let l be (10/8)/(-10*10/(-400)). Suppose -d = -l*d - 5*c + x, 9 = d + 4*c. What is the remainder when d is divided by 5?
3
Let d(h) = 23*h + 140. What is the remainder when d(0) is divided by 13?
10
Suppose t - 4*t = -4*c + 28, 5*t = c - 7. Suppose -3*s - 61 = -184. What is the remainder when s is divided by c?
6
Suppose -x - 1 + 2 = 0. Suppose -3*t + 5*o - 27 = 0, 2*t + 2*o + 0*o + 2 = 0. What is the remainder when (-1)/t - 42/(-24) is divided by x?
0
Let v be 4 - 5/(25/10). Suppose b = w + 2, -2*b + 1 = -2*w - b. Let u = v + w. Calculate the remainder when 14 is divided by u.
2
Let z = -171 - -181. What is the remainder when 90 is divided by z?
0
Suppose k + 5*u - 38 = 8, u - 22 = -k. Calculate the remainder when ((-2)/(-4))/((-2)/(-176)) is divided by k.
12
Suppose 5*g = -5*q - 375, -3*q - 148 = 4*g + 76. Let m = -53 - q. Calculate the remainder when m is divided by 8.
7
Suppose -13 - 15 = -2*n. Suppose 0 = 9*m - n*m + 35. What is the remainder when 27 is divided by m?
6
Let p = 120 - 207. Calculate the remainder when ((-45)/6)/5*(p + 1) is divided by 22.
19
Let u = 98 - 37. Let w(d) = -32*d - 1. What is the remainder when u is divided by w(-1)?
30
Let a(s) = -42*s - 81. Calculate the remainder when 359 is divided by a(-3).
44
Let a = -3 - -8. Suppose a*n + 6 = -v, -4*n - 69 + 30 = -3*v. Let i(s) = -s**2 + 3*s + 4. What is the remainder when v is divided by i(3)?
1
Let l = -4 + 20. Let g be ((-40)/(-2))/(2/31). Suppose g = -0*i + 5*i. What is the remainder when i is divided by l?
14
Let g(d) = 13*d - 26. Calculate the remainder when 155 is divided by g(6).
51
Let v(u) = -4*u + 28. What is the remainder when v(-10) is divided by 21?
5
What is the remainder when -1 + 9 + (42 - 14) is divided by 63/5 + (-6)/(-15)?
10
Suppose -234 = -3*a + 3*x, -2*x - 381 = -a - 4*a. Let v(i) = -43*i - 318. What is the remainder when a is divided by v(-8)?
23
Suppose -4*y = 38 + 94. Suppose 5*m + 10 = 85. What is the remainder when 29 is divided by y/m*(1 - 6)?
7
Suppose 2*n - 8 = -2*n. Suppose -n*d = -2 - 52. What is the remainder when 49 is divided by d?
22
Suppose -s + 15 = 3*l, 26*l = 4*s + 30*l - 60. Calculate the remainder when 67 is divided by s.
7
Let s(o) = -o - 3. Let y be s(-24). Suppose y = p - 9. What is the remainder when p is divided by 16?
14
Let v = -477 - -484. Let k = 3 - -37. What is the remainder when k is divided by v?
5
Let t be (28 - 1)/(6/(-4)). Let w = t - -98. Suppose 6 = 2*x, -4*l - 4*x = -0*l - w. What is the remainder when 50 is divided by l?
16
Let o = -88 + 114. Calculate the remainder when o is divided by 26.
0
Let l = 451 + -440. What is the remainder when 95 is divided by l?
7
Suppose -2*n = 4*x - 53 - 189, 0 = 5*n + 2*x - 645. Suppose -a = 6 - 4, -63 = -5*d + 4*a. What is the remainder when n is divided by d?
10
Suppose -45*h + 86*h = 88*h - 611. Let q = 28 + -1. Calculate the remainder when q is divided by h.
1
Suppose -7*d = -41 - 211. Calculate the remainder when 138 is divided by d.
30
Let z be (-4)/(-10) + (-378)/(-5). Suppose 0 = 4*o + 3*b - 56, 4*o + 0*b - 2*b - z = 0. Suppose 33*p = 27*p + 36. What is the remainder when o is divided by p?
5
Let x(h) = 11*h - 356. Calculate the remainder when 1216 is divided by x(33).
5
Suppose 64*v - 487 = 601. What is the remainder when 269 is divided by v?
14
Let d be (-8)/(-6) - (-11)/3. Suppose -d*m = -85 - 145. What is the remainder when m is divided by 24?
22
Let w = 98 + -84. Suppose 289 = 4*l - 43. What is the remainder when l is divided by w?
13
Suppose 29 - 145 = -2*j. Suppose -2 = -3*g + 4*l + 49, 0 = -g - 3*l + 30. Let u(f) = 2*f - 30. Calculate the remainder when j is divided by u(g).
10
Let c(r) = -r**2 + 44*r + 194. What is the remainder when c(47) is divided by 43?
10
Let n = 209 - 200. Calculate the remainder when 17 is divided by n.
8
Suppose 3*l = 5*z + 141, -7*z = -5*l - 4*z + 235. Calculate the remainder when l is divided by 4.
3
Suppose 1 = -2*t + 19. Suppose 4*r - 8 = 2*w, 0 = 4*w + 3*r - 41 + 13. What is the remainder when t is divided by w?
1
Let s be (5/(-4))/(7/(-196)). Suppose 7*w = 2*w + s. Suppose -5*p = -w*p + 24. Calculate the remainder when 21